{"id":634,"date":"2024-05-08T16:07:27","date_gmt":"2024-05-08T13:07:27","guid":{"rendered":"https:\/\/www.caelumdavies.com\/?page_id=634"},"modified":"2025-02-18T12:33:43","modified_gmt":"2025-02-18T10:33:43","slug":"cv-cal","status":"publish","type":"page","link":"https:\/\/www.caelumdavies.com\/?page_id=634","title":{"rendered":"CV"},"content":{"rendered":"\n<div class=\"wp-block-columns is-layout-flex wp-container-core-columns-is-layout-1 wp-block-columns-is-layout-flex\">\n<div class=\"wp-block-column is-layout-flow wp-block-column-is-layout-flow\" style=\"flex-basis:33.33%\">\n<h4 class=\"wp-block-heading has-luminous-vivid-amber-color has-text-color has-link-color wp-elements-b01158a52a1eff3e5d86022af73dd70e\" style=\"text-transform:capitalize\"><strong>Employment<\/strong><\/h4>\n\n\n\n<figure class=\"wp-block-image size-large wp-duotone-magenta-yellow\"><img loading=\"lazy\" decoding=\"async\" width=\"1728\" height=\"1728\" src=\"https:\/\/www.caelumdavies.com\/wp-content\/uploads\/2024\/06\/IMG_20211113_193356-edited.jpg\" alt=\"\" class=\"wp-image-692\" srcset=\"https:\/\/www.caelumdavies.com\/wp-content\/uploads\/2024\/06\/IMG_20211113_193356-edited.jpg 1728w, https:\/\/www.caelumdavies.com\/wp-content\/uploads\/2024\/06\/IMG_20211113_193356-edited-300x300.jpg 300w, https:\/\/www.caelumdavies.com\/wp-content\/uploads\/2024\/06\/IMG_20211113_193356-edited-1024x1024.jpg 1024w, https:\/\/www.caelumdavies.com\/wp-content\/uploads\/2024\/06\/IMG_20211113_193356-edited-150x150.jpg 150w, https:\/\/www.caelumdavies.com\/wp-content\/uploads\/2024\/06\/IMG_20211113_193356-edited-768x768.jpg 768w, https:\/\/www.caelumdavies.com\/wp-content\/uploads\/2024\/06\/IMG_20211113_193356-edited-1536x1536.jpg 1536w\" sizes=\"(max-width: 1728px) 100vw, 1728px\" \/><\/figure>\n<\/div>\n\n\n\n<div class=\"wp-block-column is-layout-flow wp-block-column-is-layout-flow\" style=\"flex-basis:66.66%\">\n<p class=\"has-contrast-color has-text-color has-link-color has-dm-sans-font-family has-small-font-size wp-elements-57f374b1416a6a0f3ba3549ce9c416b6\" style=\"line-height:1.2\"><strong>Senior Expert in Financial Crime Prevention<\/strong><br>Strategic Intelligence at Nordea | 09\/22 to Present<br><em>*Senior since 05\/24. <\/em><br><br><strong>Graduate in Financial Crime Prevention<\/strong><br>Nordea | 09\/20 to 08\/22<br><br><strong>Content Producer<\/strong><br>Droppe | 06\/20 to 08\/20<br><br><strong>Research Assistant<\/strong><br>Universities of Helsinki &amp; Jyvaskyla | 09\/19 to 03\/20<br><br><strong>Recruitment &amp; Marketing Trainee<\/strong><br>University of Helsinki | 09\/19 to 12\/19<br><br><strong>Politically Exposed People Researcher<\/strong><br>info4c | 11\/18 to 05\/19<br><br><strong>Jewellery Salesperson<\/strong><br>Amber Palace | 09\/17 to 09\/18<br><br><strong>Assessor for The Teaching Excellence Framework<\/strong><br>Higher Ed. Funding Council for England | 12\/16 to 05\/17<br><br><strong>Online Learning Coordinator Aid<\/strong><br>University of Glasgow | 10\/15 to 05\/16<br><br><strong>Space Planning Intern<\/strong><br>University of Glasgow | 07\/15 to 12\/15<br><br><strong>Student Union Vice President (Education Remit)<\/strong><br>Glasgow Uni Students\u2019 Rep. Council, | 07\/14 to 06\/15<\/p>\n<\/div>\n<\/div>\n\n\n\n<hr class=\"wp-block-separator has-text-color has-luminous-vivid-amber-color has-alpha-channel-opacity has-luminous-vivid-amber-background-color has-background is-style-wide\"\/>\n\n\n\n<div class=\"wp-block-columns is-layout-flex wp-container-core-columns-is-layout-2 wp-block-columns-is-layout-flex\">\n<div class=\"wp-block-column is-layout-flow wp-block-column-is-layout-flow\" style=\"flex-basis:33.33%\">\n<h4 class=\"wp-block-heading has-luminous-vivid-amber-color has-text-color has-link-color wp-elements-6c518cfaebd318b4349bbb2f15a0db2c\"><strong>Education<\/strong><\/h4>\n\n\n\n<figure class=\"wp-block-image size-large wp-duotone-magenta-yellow\"><img loading=\"lazy\" decoding=\"async\" width=\"1808\" height=\"1807\" src=\"https:\/\/www.caelumdavies.com\/wp-content\/uploads\/2024\/05\/DSC_0879-edited.jpg\" alt=\"\" class=\"wp-image-643\" srcset=\"https:\/\/www.caelumdavies.com\/wp-content\/uploads\/2024\/05\/DSC_0879-edited.jpg 1808w, https:\/\/www.caelumdavies.com\/wp-content\/uploads\/2024\/05\/DSC_0879-edited-300x300.jpg 300w, https:\/\/www.caelumdavies.com\/wp-content\/uploads\/2024\/05\/DSC_0879-edited-1024x1024.jpg 1024w, https:\/\/www.caelumdavies.com\/wp-content\/uploads\/2024\/05\/DSC_0879-edited-150x150.jpg 150w, https:\/\/www.caelumdavies.com\/wp-content\/uploads\/2024\/05\/DSC_0879-edited-768x768.jpg 768w, https:\/\/www.caelumdavies.com\/wp-content\/uploads\/2024\/05\/DSC_0879-edited-1536x1536.jpg 1536w\" sizes=\"(max-width: 1808px) 100vw, 1808px\" \/><\/figure>\n<\/div>\n\n\n\n<div class=\"wp-block-column is-layout-flow wp-block-column-is-layout-flow\" style=\"flex-basis:66.66%\">\n<p class=\"has-dm-sans-font-family has-small-font-size\" style=\"line-height:1.2\"><strong>Masters in Nordic Studies<\/strong><br>University of Helsinki  | 4.4\/5.0 GPA | 09\/17 to 05\/20<br><a href=\"https:\/\/ethesis.helsinki.fi\/repository\/handle\/123456789\/30556\" data-type=\"link\" data-id=\"https:\/\/ethesis.helsinki.fi\/repository\/handle\/123456789\/30556\">Thesis on Nation Brand Indexing<\/a><br><br><strong>Undergraduate In Politics<\/strong><br>University of Glasgow | First Class | 09\/20 to 08\/22<br><a href=\"https:\/\/dissertations.gla.ac.uk\/id\/eprint\/154\/\">Dissertation on Positioning of Populist Parties<\/a> | 40ECTS of Maths<\/p>\n<\/div>\n<\/div>\n\n\n\n<hr class=\"wp-block-separator has-text-color has-luminous-vivid-amber-color has-alpha-channel-opacity has-luminous-vivid-amber-background-color has-background is-style-wide\"\/>\n\n\n\n<div class=\"wp-block-columns is-layout-flex wp-container-core-columns-is-layout-3 wp-block-columns-is-layout-flex\">\n<div class=\"wp-block-column is-layout-flow wp-block-column-is-layout-flow\" style=\"flex-basis:33.33%\">\n<h4 class=\"wp-block-heading has-luminous-vivid-amber-color has-text-color has-link-color wp-elements-a98962556ff7c311a7cb5a49129e65fa\"><strong>Volunteering<\/strong><\/h4>\n\n\n\n<figure class=\"wp-block-image size-large wp-duotone-magenta-yellow\"><img loading=\"lazy\" decoding=\"async\" width=\"1333\" height=\"1333\" src=\"https:\/\/www.caelumdavies.com\/wp-content\/uploads\/2024\/05\/DSC_0438-edited.jpg\" alt=\"\" class=\"wp-image-646\" srcset=\"https:\/\/www.caelumdavies.com\/wp-content\/uploads\/2024\/05\/DSC_0438-edited.jpg 1333w, https:\/\/www.caelumdavies.com\/wp-content\/uploads\/2024\/05\/DSC_0438-edited-300x300.jpg 300w, https:\/\/www.caelumdavies.com\/wp-content\/uploads\/2024\/05\/DSC_0438-edited-1024x1024.jpg 1024w, https:\/\/www.caelumdavies.com\/wp-content\/uploads\/2024\/05\/DSC_0438-edited-150x150.jpg 150w, https:\/\/www.caelumdavies.com\/wp-content\/uploads\/2024\/05\/DSC_0438-edited-768x768.jpg 768w\" sizes=\"(max-width: 1333px) 100vw, 1333px\" \/><\/figure>\n<\/div>\n\n\n\n<div class=\"wp-block-column is-layout-flow wp-block-column-is-layout-flow\" style=\"flex-basis:66.66%\">\n<p class=\"has-dm-sans-font-family has-small-font-size\" style=\"line-height:1.2\"><strong>Nordea Finland LGBTQ+ &amp; Allies Employee Group<\/strong><br>Chair | 12\/20 to Present<br><br><strong>Worldwide Online Pride<\/strong><br>Founder &amp; Chair | 03\/20 to 06\/20<br><br><strong>HIVPoint<\/strong><br>Health Buddy Community Trainer | Ad-Hoc thouhg &#8217;20<br><br><strong>Helsingin yliopiston ainej\u00e4rjest\u00f6l\u00e4iset<\/strong><br>Vice-Chair | 11\/18 to 12\/19<br><br><strong>CISSI: The Organisation of International Social Scientists at the University of Helsinki<\/strong><br>Chair | 01\/18 to 12\/18<br><br><strong><strong>Student Tutor<\/strong><\/strong><br>Unis of Glasgow &amp; Helsinki | Intro Weeks of &#8217;13, &#8217;16 &amp; &#8217;18<br><br><strong>Glasgow University Eurovision Society<\/strong><br>Founder &amp; President | 03\/15 to 02\/17<br><br><strong>Scottish Student Education Policy Quality Network<\/strong><br>Co-Chair | 07\/14 to 06\/15<br><br><strong>2014 Glasgow Commonwealth Games<\/strong><br>&#8216;Clydesider&#8217; in Transport | Summer &#8217;14<br><br><strong>Woodlands Conservationist<\/strong><br>Weekend Volunteer | &#8217;06 to &#8217;13<br><br><strong>Barry Comprehensive Debate Club<\/strong><br>Co-Founder &amp; Co-Lead | &#8217;09 to &#8217;12<br><br><\/p>\n<\/div>\n<\/div>\n\n\n\n<p><\/p>\n","protected":false},"excerpt":{"rendered":"<p>Employment Senior Expert in Financial Crime PreventionStrategic Intelligence at Nordea | 09\/22 to Present*Senior since 05\/24. Graduate in Financial Crime PreventionNordea | 09\/20 to 08\/22 Content ProducerDroppe | 06\/20 to 08\/20 Research AssistantUniversities of Helsinki &amp; Jyvaskyla | 09\/19 to 03\/20 Recruitment &amp; Marketing TraineeUniversity of Helsinki | 09\/19 to 12\/19 Politically Exposed People Researcherinfo4c [&hellip;]<\/p>\n","protected":false},"author":1,"featured_media":0,"parent":0,"menu_order":0,"comment_status":"closed","ping_status":"closed","template":"","meta":{"footnotes":""},"_links":{"self":[{"href":"https:\/\/www.caelumdavies.com\/index.php?rest_route=\/wp\/v2\/pages\/634"}],"collection":[{"href":"https:\/\/www.caelumdavies.com\/index.php?rest_route=\/wp\/v2\/pages"}],"about":[{"href":"https:\/\/www.caelumdavies.com\/index.php?rest_route=\/wp\/v2\/types\/page"}],"author":[{"embeddable":true,"href":"https:\/\/www.caelumdavies.com\/index.php?rest_route=\/wp\/v2\/users\/1"}],"replies":[{"embeddable":true,"href":"https:\/\/www.caelumdavies.com\/index.php?rest_route=%2Fwp%2Fv2%2Fcomments&post=634"}],"version-history":[{"count":8,"href":"https:\/\/www.caelumdavies.com\/index.php?rest_route=\/wp\/v2\/pages\/634\/revisions"}],"predecessor-version":[{"id":695,"href":"https:\/\/www.caelumdavies.com\/index.php?rest_route=\/wp\/v2\/pages\/634\/revisions\/695"}],"wp:attachment":[{"href":"https:\/\/www.caelumdavies.com\/index.php?rest_route=%2Fwp%2Fv2%2Fmedia&parent=634"}],"curies":[{"name":"wp","href":"https:\/\/api.w.org\/{rel}","templated":true}]}}